)/33. Suppose -4*c = 4*r - 172, -220 = -y*r - 3*c - c. What is the highest common divisor of r and h?
6
Suppose -j = 70 - 16. Let h be 6/(-4 - j/12). What is the highest common factor of h and 18?
6
Let h(w) be the third derivative of -23*w**4/4 + 17*w**3/2 + 205*w**2. Let q be h(-5). What is the greatest common factor of 39 and q?
39
Suppose -26*n = -155*n + 2336 + 2179. Calculate the highest common factor of n and 745.
5
Suppose -11*t - 35747 + 119996 = -0*t. Calculate the highest common divisor of 74 and t.
37
Let b = 54 + -35. Suppose b - 121 = -3*g. Suppose -5*x + 5 - 47 = -p, 3*p - 5*x - 76 = 0. Calculate the highest common divisor of p and g.
17
Suppose -7*q - 66 = -4*q. Let h = -19 - q. Let j be 1 - (-81 - h)/4. Calculate the highest common factor of j and 55.
11
Let x = 284 - -180. Let v = 475 - x. Calculate the greatest common factor of v and 737.
11
Let a be 5237960/350 - (-1)/(((-15)/(-6))/1). Calculate the highest common divisor of 14 and a.
14
Let y(o) = o**2 + 10*o + 58. Let w be y(-16). Let r = w + -114. Let f = r + -36. What is the highest common divisor of 4 and f?
4
Suppose 107*h - 78960 = 27*h. What is the highest common divisor of 126 and h?
21
Suppose -r = 5*r. Suppose r = -2*a + 8 + 14. Let u(o) = -o**3 + 8*o**2 + 33*o + 26. Let z be u(a). What is the highest common divisor of 39 and z?
13
Let l be -30*((-2)/(-4))/((-39)/585). Calculate the highest common factor of 1275 and l.
75
Let j(i) be the third derivative of -23*i**4/24 - 17*i**3/3 - 34*i**2. Let d be j(-4). What is the greatest common divisor of 87 and d?
29
Suppose -12*v - 432 = -4752. What is the highest common divisor of v and 45?
45
Let p be (-88)/(-2)*11/2. Let h = 297 + -244. Suppose 5*m + r = 54 + h, 3*r - 35 = -2*m. What is the highest common divisor of m and p?
22
Let f(a) = -2*a - 1. Let p be f(-1). Let n be 1 - (p + 2 + -16). Suppose -3*j + n*j - 1188 = 0. What is the highest common factor of j and 12?
12
Let a be 39/9 - (215/15 + -15). Calculate the highest common divisor of a and 1895.
5
Let g = 1732 - 1654. What is the highest common factor of g and 1131?
39
Suppose 3*u - 17*u + 1932 = 0. Suppose 3*g + 6*i - 3*i - u = 0, -g + i = -38. What is the greatest common factor of 672 and g?
42
Let p be (4/(-8))/(2/20) - -32. Let y be 26/(-117) - (-708)/p. Let g be 1143/4 - (-2)/8. Calculate the highest common factor of g and y.
26
Suppose -13*f - 20120 = -53*f. Let t = f + -494. What is the greatest common factor of t and 99?
9
Suppose -2*v = t + 91, 5*v + 6*t - 3*t + 228 = 0. Let k = v + 57. Suppose 0 = k*b - 93 - 51. Calculate the highest common divisor of 12 and b.
12
Suppose -3*u - 1 = z - 6, 5*z = -3*u + 13. Suppose -4*d - z*d = -258. Let k = -19 + d. Calculate the greatest common factor of 24 and k.
24
Let f be 80*(-2)/(-15)*39. Suppose 111*j - 48 = 99*j. Suppose g - 6*r = -r + 119, j*g - f = 5*r. What is the highest common factor of g and 9?
9
Let f(i) = 92*i - 71. Let k be f(4). Let o be -4 - (5 + -7) - -29. What is the greatest common divisor of o and k?
27
Suppose 4*s - 2639 = 3193. Suppose -2*o + 16*v = -140, -2*o + 3*v = -145 + 31. Calculate the highest common divisor of s and o.
54
Let q = -31189 + 31237. Calculate the highest common divisor of 1896 and q.
24
Let c(m) = -m**2 + 18*m + 60. Suppose -142 = -5*v - 67. Let f be c(v). Calculate the greatest common divisor of f and 126.
21
Let v = 243 - 238. Suppose -5 = 3*l + 2*l, -v*o - 3*l = -62. Let z be 66 - (0/(-2) + 1). What is the greatest common divisor of z and o?
13
Suppose 0 = 5*w + 10, 4*l - 1493 - 993 = w. What is the highest common divisor of l and 253?
23
Suppose 3 + 1 = 5*s - 4*q, 0 = -4*s + 5*q + 5. Let a be (-1 - s) + -15 + 18. Suppose 0 = a*j - 117 - 297. Calculate the highest common factor of 23 and j.
23
Suppose 3*y - 7*y + 68878 = 3478. What is the highest common factor of y and 150?
150
Let v(g) be the second derivative of g**4/6 - g**3/2 + 40*g**2 + 102*g. Let r be v(0). Calculate the highest common divisor of r and 5.
5
Suppose -4*u - 6 - 10 = 0, 5*q - 2*u - 18 = 0. Suppose q*n - 2296 - 1016 = 0. Suppose 0 = 11*h - 2*h - n. What is the highest common factor of h and 23?
23
Let y = -829 - -1071. Calculate the greatest common factor of 352 and y.
22
Let m(b) = 8*b - 31. Let z be m(6). Suppose 2*s = 4*a + 1450, -3 - 6 = -3*a. What is the greatest common factor of z and s?
17
Suppose 2*x = -4*d + 428, -16*d - 80 = -17*d - 5*x. Let k(p) = 9*p - 1. Let m be k(5). What is the greatest common factor of m and d?
22
Let k = 3507 + -3439. Calculate the greatest common divisor of k and 1972.
68
Let p be (48 - -12570) + 3 + -15. What is the greatest common factor of 22 and p?
22
Suppose -5*c - 3378 = -5*p + 34997, -4*c + 23004 = 3*p. Calculate the greatest common divisor of p and 56.
56
Suppose 286*q = 294*q - 2272. Suppose q = 2*m + 228. What is the greatest common factor of 56 and m?
28
Let o be 7/((-35)/(-2))*1240/8. Let a(f) = -f + 1. Let t be a(-4). Let n(c) = 4*c**2 - 2*c + 3. Let q be n(t). What is the greatest common divisor of q and o?
31
Suppose h + 2*d + 212 = 0, -3*h - 540 = 3*d + 108. Let q = 245 + h. What is the greatest common divisor of 750 and q?
25
Let x be 59/2 + 1/(-2). Suppose 39 = -8*t + 55. Let b be 87/t*56/42. Calculate the greatest common factor of x and b.
29
Suppose 0 = -3*q - 0*q - 6, 3*h = q + 26. Let p be 205*((13 - h) + -2). What is the highest common factor of p and 30?
15
Let q be -99*(18 + (-1508)/78). Let k(p) = -49*p + 2. Let i be k(-4). What is the highest common divisor of i and q?
66
Let v = 59 - 182. Let f = -60 - v. Suppose -4 = 4*x, 2*l + 2*x = x + f. Calculate the greatest common factor of 4 and l.
4
Suppose -4*w + 6*w = -4*n + 36, -2*n = 4*w - 102. Let t be (-10)/20*(-14 + 0). Calculate the greatest common divisor of w and t.
7
Let p be (78/(-5))/((-51)/680). Let a = 213 - p. Let s = 51 - 6. Calculate the greatest common factor of s and a.
5
Suppose z + 4751 = 2*v, -5*z = -2*v + 2164 + 2567. Calculate the highest common factor of 164 and v.
82
Suppose 0 = c - 179 + 51. Suppose -5*y - 6015 = -3*s - 5752, 3*y = -5*s + 495. What is the greatest common divisor of c and s?
32
Suppose -18352 = -33*d - 41*d. What is the highest common factor of 558 and d?
62
Let f be (6080/(-5 + 15))/1. What is the highest common divisor of 228 and f?
76
Suppose 0 = -w - 2*r + 838, 8*w = 9*w - 4*r - 832. Let d(v) = -v**2 + 43*v + 361. Let b be d(50). Calculate the highest common divisor of b and w.
11
Let a(t) = -t**2 - 6*t + 5. Let q be a(-6). Let b be 2520 - q/((-10)/8). Let r be 18/(-81) - b/(-18). What is the greatest common factor of r and 28?
28
Let a be 0/(-1) + 3808/8 + -3. Suppose -5*c - 3*y - 69 + 667 = 0, -4*c + a = -3*y. Calculate the greatest common divisor of c and 7.
7
Let h = 91 + -67. Let t be (-4)/h*4*(1 + -4). Suppose -b + 8 = 4*y - t*b, -2*b - 4 = 4*y. Calculate the highest common divisor of 7 and y.
1
Suppose -182 = -k + 58. Let f(y) = -2*y**2 + 281*y + 3369. Let l be f(-11). Calculate the greatest common factor of l and k.
12
Let s be -82*(-18)/12 - 1*-5. Let p = 609 - s. What is the greatest common divisor of p and 37?
37
Suppose -148*q + 265*q = 42383 + 28753. What is the highest common divisor of 3 and q?
1
Suppose -3*f + 2 = -4. Suppose 4*t = 3*t - f*o + 12, 0 = -o + 5. Let i be (-3 - 12)*t/6*-16. Calculate the highest common factor of 10 and i.
10
Suppose 2*r + 1145 + 1401 = 3*i, 0 = 5*i - 2*r - 4234. What is the highest common divisor of 633 and i?
211
Suppose 9*y = -24 + 222. Suppose 19*s + 300 = y*s. What is the highest common divisor of s and 60?
20
Suppose 35*v - 34*v = -60. Let t = 228 + v. Calculate the highest common factor of t and 24.
24
Let d = 37 - -45. Let v = 5022 - 4899. Calculate the greatest common divisor of d and v.
41
Let v(a) = -279*a - 2291. Let p be v(-51). What is the highest common factor of p and 94?
94
Suppose 22*r = 484 - 154. Suppose -565 = -r*p - 100. What is the greatest common divisor of p and 31?
31
Let a(y) = -99*y. Let u be a(-1). Suppose 41*w - 52*w = -484. What is the greatest common factor of u and w?
11
Let k = -11 + 26. Let u(d) = 6*d - 129. Let z be u(25). What is the highest common divisor of k and z?
3
Let d = 28177 - 24494. Calculate the highest common divisor of d and 29.
29
Let l be (-6)/18 +